ommon factor of 1275 and 75?
75
What is the highest common factor of 126 and 1218?
42
Calculate the greatest common factor of 188 and 104.
4
Calculate the highest common divisor of 44 and 869.
11
What is the highest common factor of 442 and 170?
34
Calculate the highest common factor of 3 and 351.
3
What is the greatest common divisor of 22 and 594?
22
What is the greatest common factor of 22 and 3?
1
Calculate the greatest common factor of 282 and 1316.
94
Calculate the highest common divisor of 736 and 23.
23
Calculate the highest common divisor of 10 and 1190.
10
What is the highest common factor of 56 and 11032?
56
What is the highest common divisor of 11522 and 14?
14
Calculate the greatest common divisor of 416 and 32.
32
Calculate the greatest common divisor of 48 and 768.
48
Calculate the highest common divisor of 2 and 122.
2
What is the greatest common factor of 25 and 965?
5
Calculate the greatest common factor of 14544 and 36.
36
Calculate the highest common factor of 408 and 1479.
51
Calculate the highest common divisor of 539 and 196.
49
Calculate the highest common divisor of 30343 and 19.
19
Calculate the greatest common divisor of 60 and 48.
12
What is the greatest common factor of 3658 and 62?
62
What is the greatest common divisor of 999 and 37?
37
What is the highest common factor of 828 and 184?
92
Calculate the greatest common divisor of 874 and 38.
38
Calculate the highest common divisor of 11 and 121.
11
What is the greatest common factor of 18 and 171?
9
Calculate the highest common factor of 28519 and 1083.
361
Calculate the greatest common factor of 291 and 9.
3
What is the greatest common divisor of 12 and 192?
12
What is the highest common divisor of 288 and 102?
6
What is the greatest common divisor of 3 and 1782?
3
What is the highest common divisor of 369 and 9?
9
What is the greatest common factor of 3 and 111?
3
What is the highest common divisor of 135 and 999?
27
What is the highest common factor of 6534 and 378?
54
What is the highest common factor of 21 and 1701?
21
Calculate the highest common divisor of 79 and 4.
1
Calculate the greatest common factor of 96 and 60.
12
What is the greatest common divisor of 130 and 30?
10
Calculate the highest common divisor of 6852 and 12.
12
Calculate the greatest common divisor of 142 and 781.
71
What is the greatest common divisor of 2627 and 71?
71
What is the greatest common divisor of 136 and 352?
8
Calculate the highest common factor of 160 and 20.
20
Calculate the highest common factor of 37 and 74.
37
What is the highest common factor of 882 and 1422?
18
Calculate the greatest common divisor of 51 and 1020.
51
What is the highest common divisor of 68 and 1156?
68
What is the highest common divisor of 102 and 40902?
102
Calculate the highest common factor of 330 and 24.
6
What is the highest common divisor of 3741 and 232?
29
Calculate the highest common divisor of 3 and 129.
3
What is the highest common factor of 20850 and 300?
150
What is the highest common factor of 1765 and 10?
5
Calculate the greatest common divisor of 56 and 2436.
28
What is the greatest common factor of 9 and 12?
3
What is the highest common divisor of 10062 and 546?
78
What is the greatest common factor of 132 and 4191?
33
Calculate the highest common divisor of 228 and 48.
12
Calculate the greatest common factor of 51 and 6.
3
Calculate the greatest common factor of 24 and 10536.
24
Calculate the highest common divisor of 17 and 799.
17
What is the highest common factor of 88 and 1298?
22
Calculate the greatest common factor of 8946 and 355.
71
Calculate the greatest common factor of 37 and 1.
1
What is the highest common factor of 232 and 16?
8
Calculate the highest common divisor of 42 and 336.
42
What is the highest common divisor of 6767 and 202?
101
What is the highest common factor of 80 and 245?
5
Calculate the greatest common divisor of 1728 and 90.
18
Calculate the greatest common divisor of 6600 and 375.
75
Calculate the highest common factor of 560 and 1540.
140
Calculate the highest common factor of 7 and 13349.
7
What is the greatest common divisor of 16 and 11648?
16
What is the highest common divisor of 30 and 435?
15
Calculate the greatest common factor of 128 and 56.
8
Calculate the greatest common factor of 161 and 441.
7
What is the highest common divisor of 3439 and 76?
19
Calculate the highest common divisor of 344 and 1.
1
Calculate the greatest common factor of 12031 and 1135.
227
Calculate the greatest common factor of 7945 and 35.
35
What is the greatest common divisor of 328 and 902?
82
Calculate the greatest common factor of 675 and 1080.
135
What is the highest common factor of 418 and 44?
22
What is the greatest common factor of 12350 and 39?
13
What is the highest common divisor of 135 and 1728?
27
Calculate the highest common divisor of 957 and 22.
11
Calculate the greatest common factor of 87 and 725.
29
What is the highest common factor of 10 and 110?
10
Calculate the greatest common factor of 88752 and 86.
86
What is the greatest common factor of 8675 and 100?
25
What is the greatest common divisor of 2476 and 8?
4
Calculate the highest common factor of 2091 and 102.
51
Calculate the highest common factor of 108 and 4.
4
What is the highest common factor of 31 and 32?
1
Calculate the highest common factor of 216 and 24.
24
What is the greatest common divisor of 679 and 7?
7
What is the highest common factor of 9 and 2529?
9
Calculate the greatest common factor of 5290 and 1610.
230
Calculate the greatest common divisor of 2263 and 31.
31
What is the greatest common factor of 18 and 1986?
6
Calculate the highest common factor of 152 and 38.
38
What is the greatest common factor of 27 and 7?
1
Calculate the highest common divisor of 153 and 171.
9
Calculate the highest common factor of 468 and 324.
36
Calculate the highest common divisor of 15 and 85.
5
What is the highest common divisor of 4 and 196?
4
Calculate the greatest common divisor of 56 and 616.
56
What is the greatest common factor of 54 and 72?
18
Calculate the highest common divisor of 52 and 26.
26
What is the greatest common factor of 5 and 65?
5
What is the highest common divisor of 11 and 891?
11
Calculate the greatest common divisor of 121 and 4598.
121
Calculate the greatest common divisor of 4171 and 1649.
97
Calculate the highest common divisor of 69629 and 203.
203
What is the greatest common divisor of 754 and 406?
58
What is the highest common divisor of 18 and 1125?
9
What is the highest common divisor of 10744 and 34?
34
Calculate the highest common factor of 17 and 493.
17
What is the highest common factor of 298 and 8791?
149
What is the greatest common factor of 329 and 7?
7
Calculate the highest common factor of 29 and 551.
29
What is the greatest common factor of 30 and 480?
30
Calculate the greatest common factor of 972 and 8.
4
What is the greatest common divisor of 11 and 7?
1
Calculate the highest common factor of 21 and 49.
7
What is the greatest common factor of 1582 and 28?
14
Calculate the greatest common factor of 24 and 152.
8
Calculate the highest common divisor of 9 and 72.
9
Calculate the highest common factor of 121 and 22.
11
What is the highest common factor of 4 and 60?
4
Calculate the highest common divisor of 154 and 166.
2
Calculate the highest common divisor of 294 and 539.
49
What is the highest common divisor of 760 and 266?
38
What is the greatest common divisor of 119 and 1071?
119
What is the highest common factor of 104 and 858?
26
What is the highest common factor of 98 and 2?
2
Calculate the highest common divisor of 78 and 1599.
39
What is the highest common divisor of 34 and 697?
17
Calculate the greatest common divisor of 68 and 34.
34
Calculate the highest common divisor of 14 and 7896.
14
Calculate the highest common factor of 216 and 732.
12
What is the greatest common divisor of 78 and 520?
26
What is the highest common factor of 170 and 221?
17
Calculate the highest common divisor of 82 and 123.
41
Calculate the highest common factor of 179 and 16468.
179
What is the highest common divisor of 520 and 2560?
40
What is the highest common factor of 3 and 933?
3
What is the highest common factor of 339 and 86784?
339
What is the highest c